) - -20. Let m = v - 12. What is the units digit of m?
8
Let t = -521 - -909. What is the tens digit of t?
8
Suppose -h + 7 = 3. Suppose -111 = j - h*j. What is the tens digit of j?
3
Suppose 0 = -y + 2*y - 2. Suppose 3*s - s = -10, d + 9 = -y*s. What is the units digit of d?
1
Suppose 0*w = -3*w + 33. Let r = 13 - w. What is the units digit of r?
2
What is the tens digit of (1/4*2)/(6/1884)?
5
Suppose 0 = 4*c - 5*w - 31, -3*c + 6*c - w = 37. What is the units digit of c?
4
Let a(n) = n**2 - 4*n + 2. Let o be a(4). Suppose o*p = -p. Suppose -3*l + p*l = -6. What is the units digit of l?
2
What is the hundreds digit of 3 - (5244/(-20) + (-4)/(-20))?
2
Let g = -40 + 85. What is the tens digit of g?
4
Let z(h) = -3*h**2 - h**2 + 3*h + 3*h**2 + 2. Let c be z(2). What is the units digit of (-4 - 1)*c/(-20)?
1
Let i(a) = a - 3. Let g be (8/6)/(4/18). Let v be i(g). Suppose v*d + t + t = 7, 25 = d - 5*t. What is the units digit of d?
5
Let l be 2/8 - (-153)/(-4). Let z = l - -58. What is the units digit of z?
0
Let o(m) = -5*m - m**3 - 4*m**2 + 5 + 6*m**2 + 4*m**2. Let c(g) = -2*g - 3. Let n be c(-4). What is the units digit of o(n)?
5
What is the units digit of -8*(2 - (-46)/(-8))?
0
Suppose -2*s + v + 203 = 0, 0*s = 5*s + 3*v - 535. What is the units digit of s?
4
What is the tens digit of (-6)/(-1)*(-231)/(-14)?
9
Suppose 18 = 4*u - 3*u. Suppose q - u = -q. What is the units digit of q?
9
Let y(h) = h + 1. Let u be y(1). Suppose -s - u*s = -9. What is the units digit of s?
3
Suppose 5 + 89 = n - 2*h, 403 = 4*n + h. What is the units digit of n?
0
Let s(g) = -g + 1. Let h(x) = -6*x - 6. Let k(q) = -h(q) + 2*s(q). What is the units digit of k(5)?
8
Let p = 6 + -5. Let l(x) = -4*x + 4*x + x + p. What is the units digit of l(3)?
4
Let k = -51 + 83. What is the tens digit of k?
3
Suppose -3*m = -7*m + 64. What is the units digit of m?
6
What is the units digit of 75/2*6/9?
5
What is the units digit of (1/1)/1*1?
1
Let m(a) = -2*a - 9. Let f = -8 + -3. What is the tens digit of m(f)?
1
Suppose 4*d = d + 15. Suppose 2*b = d*t + 22, -2*b + 3*t = 2*t - 6. What is the units digit of b?
1
Let o(c) = -c**3 + 4*c**2 - 2*c - 2. Let r be o(3). Let f be r - (-3 + 2 + -1). Suppose 2*v = v + f. What is the units digit of v?
3
Suppose -6*u = -3*u + x - 14, 3*x - 18 = -u. Suppose -5*c = -3*p - 71, 0 = u*c + p + p - 54. What is the units digit of c?
6
Suppose -2*i + 1 = -r - 19, 30 = 4*i + 3*r. Suppose -i + 0 = -b. What is the units digit of b?
9
Let l(y) = -y**3 + y + 8. What is the units digit of l(0)?
8
Let q(a) = -a**3 + 4*a**2 - 2*a. Let o be q(3). Suppose 7*z = o*z - 12. What is the units digit of (z/(-5))/(3/15)?
3
Let i(x) = -x**2 + x - 2. Let j be i(2). Suppose 4*z + 3*k - 10 = 0, 2*z = -z + 2*k - 1. Let g = z - j. What is the units digit of g?
5
Suppose -4*y + 8 - 20 = j, -24 = j - 2*y. What is the units digit of j/(-4)*3/5?
3
Suppose -2 = -2*r + r. Suppose -4*o + 10 = -r. Suppose 4*j = o*m - 6*m - 9, 2 = 5*m + j. What is the units digit of m?
1
Suppose 3*b - 1 = 5*t + 2*b, -2*b = -5*t + 3. What is the tens digit of t + 13 + 2 - -3?
1
Let i be -4 - (0 + -2)*1. Let y = 9 - 2. Let a = y - i. What is the units digit of a?
9
Suppose -4*m = -0*m - 36. Suppose -23 = -4*x + m. What is the units digit of x?
8
Let h(u) = -u**3 - 2*u**2 - 2*u - 18. Let b(m) = 2*m**3 + 3*m**2 + 3*m + 36. Let q(s) = 3*b(s) + 5*h(s). What is the tens digit of q(0)?
1
Let m(s) = -s**2 - s + 2. Let t be m(-2). Suppose t = p + 3*p + 36. What is the units digit of -3*3/(p/4)?
4
Suppose -5*k = 4*h - 84, 19 = 2*k + 2*h - 13. What is the tens digit of k?
2
Suppose 35*w = 38*w - 99. What is the units digit of w?
3
Suppose -2*o = 14*o - 5920. What is the tens digit of o?
7
Let p(b) = -b**2 + 8. Let q be (-60)/(-18)*6/5. Let a = q - 4. What is the units digit of p(a)?
8
Let x be (-3 - 0/(-3))*1. Let i = x - -4. What is the units digit of (-1)/((-2)/6)*i?
3
Let n be (-855)/(-10) - 9/6. Suppose -12 = -2*j + n. What is the units digit of j?
8
Let u(j) = 7*j**2 - j + 6. Let m(i) = -20*i**2 + 3*i - 17. Let p be 2 + -1 + -10 + 3. Let y(b) = p*m(b) - 17*u(b). What is the units digit of y(-1)?
2
Suppose i + 0*i = 6. Let z(j) = -5*j + 10. Let b(x) = -14*x + 29. Let k(v) = i*b(v) - 17*z(v). What is the units digit of k(5)?
9
Suppose -4*s = -12, -3*w + 13 = -2*w + 3*s. Let l be (-1)/1 + 2 - -20. Suppose l = w*y - 19. What is the units digit of y?
0
Let r = 18 - 12. Suppose -r = 4*g + 2. What is the tens digit of 2 - 14*(-3 - g)?
1
Let q(s) be the first derivative of s**4/4 - 5*s**3/3 - s**2/2 + 6*s - 2. What is the units digit of q(5)?
1
Let s = -5 - -104. What is the tens digit of s?
9
Let p(k) = 8*k**2 + 5*k - 2. Let h be p(3). Suppose 0 = c - 5*b - 21, 5*b = 5*c - 0*b - h. What is the units digit of c?
6
Let j(l) = 3*l**2 + 2*l - 2. Let w be j(-2). Let q = 21 + w. What is the units digit of q?
7
What is the units digit of ((-1)/3)/1 + 1475/15?
8
What is the units digit of 43*-4*(-1)/4?
3
Suppose 2*g + 0*x = -4*x + 92, -x = 2*g - 89. What is the tens digit of g?
4
Let a(x) be the second derivative of -x**7/2520 - x**6/120 - x**5/60 + x**4/6 - x. Let m(k) be the third derivative of a(k). What is the units digit of m(-5)?
3
Let l(g) = -g - g - g + 4 + 7*g. What is the units digit of l(3)?
6
Suppose 0 = -0*d + 4*d - 196. What is the units digit of d?
9
Suppose 4*p + y = 719, 10*p + 5*y = 5*p + 880. What is the tens digit of p?
8
Let m = -8 - -13. Let g = 10 + m. Suppose -6*x - z = -3*x - 1, 5*z + g = -5*x. What is the units digit of x?
2
Let z(d) = -d**3 + 11*d**2 - 10*d + 1. Suppose -k - 15 = -u, 5*u - k - 8 = 47. What is the units digit of z(u)?
1
Suppose -c - 8 = -4*a, -2*c + 3*c = -4*a + 16. Suppose 2*h = m + 8, -3*m - 5*h = -21 - 10. Suppose 3*l - m*l = a. What is the units digit of l?
3
Let f be 282/(2 - (3 + 0)). What is the units digit of f/(-22) + (-6)/(-33)?
3
Let d(v) = -2*v + 21. Let i = -7 + 7. What is the tens digit of d(i)?
2
Let l = 363 + -199. What is the tens digit of l?
6
Let s(u) = u**2 - 9*u - 8. Let o be s(10). Suppose 2*x - o = 4. Let g = -1 + x. What is the units digit of g?
2
Let k = 11 - -130. What is the units digit of k?
1
Let l(f) = f**2 - 3*f + 3. Let c be l(3). Let d = c + -4. What is the units digit of (3 - 2) + d + 3?
3
Let r(i) = 3*i**2 - 7*i - 8. Let o(c) = -c**2 - c. Let t(w) = -2*o(w) - r(w). What is the units digit of t(8)?
6
Let s(y) be the second derivative of -y**6/720 - 7*y**5/120 - y**4/6 - 2*y. Let q(m) be the third derivative of s(m). What is the units digit of q(-9)?
2
Let h(v) = -3*v. Suppose 5*d - l - 21 = 0, 13 + 0 = 3*d - l. Suppose d*n + 10 = -n. What is the units digit of h(n)?
6
Let g be 1 + 0 + 0/1. Suppose 0 = k - 5*k + 8. What is the units digit of 1/(k/(-3) + g)?
3
Let x(t) = t**2 + 1. Let u be x(-2). Suppose c = u*k + 16, -8 + 2 = -3*c + k. What is the units digit of c?
1
Let q(y) = y**3 - 5*y**2 + 2*y + 3. What is the tens digit of q(6)?
5
Suppose -4*c - 3 = -3*m - 55, 2*c - 66 = 4*m. Let z = 28 + m. What is the units digit of z?
2
Let i(q) = 44*q - 2. What is the units digit of i(1)?
2
Suppose 3*a - 4*t - t + 16 = 0, 4*t - 20 = 0. Suppose -s - 2*z = -7, z = -2*z - a. What is the units digit of s?
9
Let a(u) = -u**3 - 5*u**2 - u - 2. Let o be a(-5). Suppose h - 44 = -o*w + 5*h, -4*w + 4*h + 60 = 0. What is the tens digit of w?
1
Let v(d) = d**2 - d + 4. What is the units digit of v(5)?
4
Suppose 4*i + 16 = 2*s, -i - 12 = 2*i. Suppose 3*g - 5*h - 39 = s, h - 9 = 4*h. What is the units digit of g?
8
Suppose -6*l + 4*l = 16. Let i(x) be the third derivative of x**4/24 + 19*x**3/6 - 14*x**2. What is the units digit of i(l)?
1
Suppose 0 = -3*p - 2*i + 90, -p + i + 30 = 4*i. What is the units digit of p?
0
Let m(s) = s**2 - 4*s + 6. Let b be m(3). Suppose 175 = 5*a - x, 0 = -b*x + 15 - 0. What is the tens digit of a?
3
Let c(g) = g**2 + g + 10. What is the units digit of c(-7)?
2
Let m be 1*(-3 - 1) - -4. Suppose m*j + 2*j = 48. What is the tens digit of j?
2
Let g be (2/6)/(2/36). Suppose 2*z = -g + 18. Let i = 21 - z. What is the tens digit of i?
1
What is the tens digit of (-30)/(12/(-8) - 0)?
2
Let r(y) = 23*y**2 - y. What is the tens digit of r(-1)?
2
Let k = 25 + -15. Suppose -3*x = 5 + 4. What is the tens digit of x + (-5)/(k/(-28))?
1
Let d = -